0 - (-2)/i?
2
Let t = 31 + -27. Suppose i - 6*i - 5*g = -490, 0 = -t*g + 8. What is the tens digit of i?
9
Let b(k) be the third derivative of -31*k**4/24 + 8*k**2. Let m be b(-1). Suppose 5*u - m = 44. What is the tens digit of u?
1
Suppose -2*u + 925 = 213. What is the hundreds digit of u?
3
Let i = 117 - 120. Let w(u) = 25*u**2 + 2*u - 8. What is the hundreds digit of w(i)?
2
Suppose 0 = -2*g + 1 - 3. Let f(k) = 6*k + 1. Let s be f(g). What is the units digit of ((-2)/s)/(1/45)?
8
Let d = 165 + -139. Let c(z) = 2*z**2 - 49*z + 25. What is the units digit of c(d)?
3
Let g be (-6)/2*(-382)/6. Let u = g - 75. What is the tens digit of u?
1
Suppose 32*u - 43120 = -3*u. What is the hundreds digit of u?
2
Let n(f) = -3*f**3 - 80*f**2 + f + 40. What is the tens digit of n(-27)?
4
Let m be 16 + (-3 - -5)/(-2). Suppose -3*j - 66 = -m. Let s = j + 24. What is the units digit of s?
7
Let c be 0/(-7) + (2 - -52). Let q = c - 18. What is the units digit of q?
6
Suppose 2*p - 51*t - 3811 = -52*t, 0 = p + t - 1904. What is the tens digit of p?
0
Let k(x) = 48*x - 18. Let c(a) = a**2 + 11*a + 4. Let b be c(-11). What is the units digit of k(b)?
4
Let o(f) = f**2 - 5. Let i be o(-3). Suppose 3*v = -i*q - 2*v + 243, 4*q = 3*v + 251. What is the units digit of q?
2
Suppose 5*x = -4 + 14. Suppose 0 = -x*o + 2, -75 = -3*g + 4*o + 2. What is the tens digit of g?
2
Let v(c) = -c**2 + 3. Let u be v(0). Let o = 1 - u. What is the tens digit of 46 - (-2 + o/(-1))?
4
Let h = 1 - -11. Suppose -d = 5*r - 11 - h, -r + 19 = 2*d. Let a(v) = v**3 - 7*v**2 - 5*v - 11. What is the tens digit of a(d)?
1
Suppose -4*d - 2*i = 10, 2*d - 3*d - 10 = 2*i. Let l = d - -18. What is the tens digit of l?
1
Let l = -164 + 261. Let u = l - 46. What is the tens digit of u?
5
What is the units digit of (-295)/2*2184/(-140)?
1
Let v = 721 - -159. What is the tens digit of ((-161)/21 - -8) + v/6?
4
Let o be (6/5)/((-4)/(-10)). Let d be -2 - -36*1 - o. Suppose 7*u - m = 3*u + 73, 3*u - d = -4*m. What is the tens digit of u?
1
Suppose -3*i + 927 = 2*j, -4*j = -i + 409 - 114. Suppose 3*o + 88 = r, -5*r + 4*o + i = -122. What is the units digit of r?
5
What is the thousands digit of 905*22/(-55)*-9?
3
Let u(w) = 17*w - 17. Let i be u(-4). Let q = 39 - i. What is the hundreds digit of q?
1
Suppose -u = -5*m + 25, -3*m - u = m - 11. Suppose 0 = -m*o - 0*o + 352. What is the tens digit of o?
8
Suppose -4*v - 16 = -3*b, 0 = v - 6 + 1. Let r = -13 + b. What is the units digit of r/(-3) + 300/18?
7
Let y be (20 - 2/1)*(-3)/(-6). Let t(w) = 3*w**2 - 5*w + 2. What is the hundreds digit of t(y)?
2
Let f(r) = -r**3 - 6*r**2 - 5*r + 4. Suppose 0 = 3*y + 2*s + 25, s + s - 15 = 5*y. Let z be f(y). What is the units digit of (22 - -1) + z + -6?
1
Let f(j) = j**2 + 5*j - 15. What is the hundreds digit of f(-19)?
2
Suppose -910 - 466 = -2*o. What is the hundreds digit of o?
6
Let w = -27 - -30. Suppose w*m = 15*m - 2844. What is the hundreds digit of m?
2
Let m(b) = -114*b - 94. What is the tens digit of m(-8)?
1
Let i = -174 - 24. Let g = i - -320. What is the units digit of g?
2
Let p(n) = n**2 - 3*n + 2. Let t be p(3). Suppose -16 = -t*v + 4*v - 4*h, 3*v + 38 = -h. What is the tens digit of (-2)/6 - 652/v?
5
Let d(c) be the first derivative of -c**4/2 - 38*c**3/3 - c**2/2 + 5*c + 6. What is the tens digit of d(-19)?
2
Suppose 0 = 2*l - 3*j - 35, 56 = 5*l + 5*j - 2*j. Let c(f) = -f**3 + 15*f**2 - 8*f + 3. What is the tens digit of c(l)?
3
Let v(m) = -10*m**3 - 2*m**2 + 1. Let u be v(-1). Let p(c) = 2875*c**3 - 11 - 3*c - 2876*c**3 - 3*c**2 + 13*c**2. What is the tens digit of p(u)?
4
Let z(l) = l**2 + 17*l - 6. Let g be z(-15). Let f be 1 + 0 + 61 + -1. Let m = g + f. What is the units digit of m?
5
Let g = 669 + -1631. Let c(z) = -3*z - 32. Let h be c(-10). What is the tens digit of g/(-39) - h/6?
2
Suppose 671 = a + 3*t, -2491 = -4*a + 7*t + 98. What is the units digit of a?
6
What is the units digit of (80/25)/(-2 + (-4160)/(-2075))?
4
Suppose 0 = 2*a - 12 - 10. Let j = a + -13. What is the tens digit of (-2 + j)/4 + 21?
2
Let m(j) = -26*j**2 + 5*j - 9. Let i be m(2). Let z = i - -219. What is the units digit of z?
6
Let l be 988/16 - 1/(-4). Suppose 2*u - l = u. What is the units digit of u?
2
Let a(d) = -6*d - 9. Suppose -24 = 4*f - 2*g, -5*g + 3*g - 12 = 5*f. Let o be a(f). Let b = o + -10. What is the units digit of b?
5
Let b be 0 + (247 - 4) + 5. Suppose 23 = l + u - b, 4*l - 1076 = 4*u. What is the units digit of l?
0
Suppose -12 = -3*n - 4*g, 15 = -g + 6*g. Suppose n*j = 2*j - 24. Let z = 26 - j. What is the units digit of z?
4
Let r(n) be the second derivative of n**4/6 + 3*n**3 + 3*n**2/2 + 13*n. What is the units digit of r(6)?
3
Let w(s) = 24*s**2 + 2*s + 1. Suppose -u + 4 = -5*a, -2*a - 4*u - 4 - 2 = 0. What is the units digit of w(a)?
3
Suppose -l - 2*m = -9, 0 = 4*l - l - 3*m + 18. Let s = l - -99. What is the units digit of s?
8
Suppose 2*f - 68 = -k, -2*f - 364 = -3*k - 2*k. What is the tens digit of k?
7
Suppose 10*m = 70 + 490. What is the units digit of m?
6
Suppose -7528 = -2*n - 26*d + 29*d, n = -5*d + 3764. What is the tens digit of n?
6
Let o = 18 + 3. Let l be o/49 - (-11)/7. Suppose 2*i + l*i - 88 = 0. What is the units digit of i?
2
Let r be (22/(-6))/((-6)/18). Suppose -v + r = -0*v. What is the units digit of v?
1
Suppose 0 = -6*h - 140 - 304. Let r = -20 - h. What is the tens digit of r?
5
Let f(q) be the third derivative of q**7/360 - q**6/720 - q**5/60 - q**4/3 + 4*q**2. Let z(m) be the second derivative of f(m). What is the units digit of z(2)?
4
Let b be -4 + 4 + 19 + -2. Suppose 47 = -5*j - z, 10 = 4*z - 2. Let u = j + b. What is the units digit of u?
7
Let a(f) = -39*f - 10. Let m be a(-2). Let r = 69 - m. What is the units digit of r?
1
Suppose -2*d - 5*g = -0 - 1285, -4*g - 3163 = -5*d. What is the tens digit of d?
3
Let d(a) = 6*a - 9. Suppose -m + 4*m = -6. Let r be (m + -2)*(-9)/12. What is the units digit of d(r)?
9
Suppose 0 = 34*o - 39*o + 1290. What is the units digit of o?
8
Suppose -2*v + 2155 = 3*v. Suppose -5*d - 4*g = -562, 0 = 9*d - 5*d - 3*g - v. What is the tens digit of d?
1
Let l(p) = 5*p - 30. Let v be l(6). What is the tens digit of 1 + 85 + v/13?
8
Suppose -f + 368 = 3*f. Let n be f/1 + 0 - -3. Suppose -n = -q - 4*q. What is the tens digit of q?
1
Suppose 9 + 4 = 4*i + 3*u, 0 = -3*u - 3. Suppose 46 = i*a - 130. What is the units digit of (-24)/8 + a + 2?
3
What is the thousands digit of ((-2)/(-7))/((-13)/(-57603))?
1
Let m(j) be the second derivative of j**3/6 + 8*j**2 - j. Let b be m(-11). What is the tens digit of 1*2/b*30?
1
Let a = 154 + 205. What is the units digit of a?
9
Suppose -d - 15*m = -20*m - 2558, -m = -5*d + 12742. What is the hundreds digit of d?
5
Suppose 71 = 13*m - 85. Suppose -3*p = -2*h + 1, -2*p = -2*h + 1 + 3. Suppose y + p*o = m, 5*y - 3*o + 0 = 114. What is the tens digit of y?
2
Suppose 3*l = 12, 0 = -5*a + 6*a + l - 14. What is the tens digit of 4/a*(79 - 4)?
3
Suppose 3*q + 7817 = 2*g + 3*g, -3*g - 5*q + 4697 = 0. What is the hundreds digit of g?
5
Let s = -173 - -438. What is the hundreds digit of s?
2
Suppose 0 = 5*f + 4*s - 2169, -2*f + 3*s + 878 = 2*s. What is the units digit of f?
7
Let b(a) = a**3 + 8*a**2 - 2*a + 4. Let n = 35 + -8. Let c = n - 35. What is the tens digit of b(c)?
2
Let d(r) = 165*r**2 - 4*r + 5. Let l be d(2). Suppose -9*u - l = -0*u. Let p = u + 142. What is the tens digit of p?
6
Suppose 0 = 32*r - 13*r - 5643. What is the tens digit of r?
9
Suppose -4*f + 3*f - 50 = 0. Suppose 0*x - 5*x = -425. Let v = f + x. What is the units digit of v?
5
Let m = 58 - 135. Let s = m - -107. What is the units digit of s?
0
Let l = -17 - -35. Suppose 102 + l = 2*o. What is the tens digit of o?
6
Let a(n) = 4*n + 7. Let l be a(-2). Let z = 25 + l. What is the units digit of z?
4
Suppose 3*t - 9 = -k, -3*k - t + 4*t = -75. Let f = k + -32. Let i = 16 + f. What is the units digit of i?
5
Let v = 19 + -20. Let a be -4 - (-14 - 2/v). What is the units digit of (94/(-8))/((-2)/a)?
7
Let i = -8 + 11. Suppose 0 = w - i*w - 4. What is the units digit of -1 + (2 - (-7 - w))?
6
Let b(j) = 461*j**2 + 10*j + 10. What is the hundreds digit of b(-2)?
8
Suppose -2*j + 5*j = 9. Let u(s) = 5*s**3 - 2*s**3 - 2*s**3 - 11*s**2